0 - m + 0 + 5 + 10*m. Let q(d) = -31*d - 23. Let x(z) = 8*z + 6. Let r(y) = 6*q(y) + 22*x(y). Let i(p) = -3*n(p) - 2*r(p). What is i(-2)?
11
Let j(y) be the third derivative of -13*y**4/24 - 7*y**3/3 - 4*y**2 - 226. What is j(-7)?
77
Let q(v) be the second derivative of -v**5/20 + v**4/2 - v**3/3 - 9*v**2/2 - 43*v + 28. Determine q(5).
6
Let h(i) = -2*i - 35. Let o be h(-19). Let q(p) = -11*p**2 - 2*p**2 + 17*p**2 - 37*p**3 - 2*p + 3 + 36*p**3. What is q(o)?
6
Let y(r) = -2*r**3 - 10*r**2 - 9*r + 6. Let n be 153/(-204)*(-1 + 5). Give y(n).
-3
Let i(q) = -2*q**2 - 8*q + 2. Let b(c) = 5*c**2 + 18*c - 5. Let n(l) = -3*b(l) - 7*i(l). Let r = 12 + -10. Give n(r).
1
Suppose -3 = -o + 3*l + 13, l - 8 = -3*o. Let u be (-2 + 3)/(o/16). Suppose -29 = 4*q - 3*s, u*q - 4*s - 1 = -29. Let t(y) = -y**3 - 8*y**2 + y + 9. Give t(q).
1
Let v(u) = -40*u**2 + 30*u - 72. Let k(b) = 26*b**2 - 20*b + 47. Let z(s) = 8*k(s) + 5*v(s). What is z(2)?
28
Let w = -20227 + 20229. Let r(b) = b - 7. Let y(i) = -2*i + 6. Let m(o) = 3*r(o) + 4*y(o). Determine m(w).
-7
Let d(n) = -n**2 + 10*n + 29. Let q be d(12). Let i(a) = -25*a**2 - 4 - q*a**3 - 4 + 4*a**3 + 17*a**2. Determine i(-7).
-57
Let j(m) = -4*m - 18 - 90*m**2 - 2*m - 94*m**2 + 186*m**2. Give j(6).
18
Let v(i) = -2*i - 22. Let u be (((-100)/15)/(-10))/(6 - (-53)/(-9)). What is v(u)?
-34
Let i(l) = -l**2 - 8*l - 8. Let p be i(-6). Suppose -17 = -3*n - 2*t, -3*n + 6*t - 2*t + 29 = 0. Let b(s) = -p + 8 - 5*s - s**2 + n*s + 0*s. Calculate b(-4).
-20
Suppose -f + 4*u + 143 = 0, -u + 0 = 2. Let y = f - 122. Let q(s) = -2*s - y + 36 - 19 - s**2. Determine q(4).
-20
Let a(x) = x**3 - 24*x**2 - 32*x + 199. Let k be (13 - (-17 + 5))/1. What is a(k)?
24
Suppose -31*f - 53*f + 710 + 214 = 0. Let n(y) = -11*y + 9. Determine n(f).
-112
Let u(i) = -i - 7. Suppose -3*f - 9*s - 3 = -5*s, -30 = -7*f + 3*s. What is u(f)?
-10
Let d(j) = -19*j + 11*j - 12*j - 17*j + j. Let k = -10 - -9. Calculate d(k).
36
Let h(i) = 7668*i**2 - 7668*i**2 + i**3 + 2 - 3*i. Give h(-3).
-16
Let v be -8 - (8 - -19)/(-3). Let r(s) = -4*s**3 + 2*s**2 - 3*s. Give r(v).
-5
Let c(k) be the first derivative of 2*k**3/3 + k**2/2 + 2*k + 1. Let x = 512 + -790. Let m = x + 276. Calculate c(m).
8
Let s(j) = -j**2 - j + 6. Let l(o) = -o**2 - o + 6. Let f(r) = 4*l(r) - 3*s(r). Suppose -9 = 3*w, -2*t = t + 5*w - 30. Suppose 14*p = t*p. Determine f(p).
6
Let z(a) = 7*a**2 + 4*a**3 - 3*a**3 + 3 - 5. Suppose 5*b = 2*p - 2, -4*p - 13 + 45 = 4*b. Let u be ((-406)/87)/(4/p). Give z(u).
-2
Suppose 2*x = -3*b + 5*b + 50, -3*b - 2*x - 35 = 0. Let v(n) = -10*n**2 - 171*n - 16. Give v(b).
1
Let g(r) = -2*r**3 + 1044*r**2 - 204*r + 0 + 16 + 191*r - 1023*r**2. Give g(10).
-14
Suppose -2993 = -6*k - 2987. Let n(p) = -8*p + 4. Give n(k).
-4
Let y = 71402 - 71399. Let z(m) be the second derivative of m**4/12 - m**3/6 + m**2/2 + 2*m. Let g(t) be the first derivative of z(t). Determine g(y).
5
Let o(l) be the third derivative of l**6/120 - l**5/20 - l**4/8 + l**3/2 - l**2. Let q be ((-20)/(-25))/2 + (-2)/5. Suppose q = 32*f - 23*f - 27. Give o(f).
-6
Let s(b) = b**2 + 7 + 5 - 5 + 9*b - b - 1. Let d = -15 - -6. Calculate s(d).
15
Let q(b) be the second derivative of b**3/2 + 5*b**2 + 3584*b + 1. Let u = 9 + -12. Give q(u).
1
Let z(h) = -2*h**3 - 24*h - 29 + 9*h - 28 - 19*h**2. Let i be z(-9). Let d(u) = -u**2 + 3*u. Calculate d(i).
-18
Suppose 0 = -13*p - 49 - 29. Let m be (0 - 0)*3/p. Let l(n) = n**2 + n - 4. Give l(m).
-4
Let k = 1187 - 1180. Let y(w) = -4*w**2 + w + 17. Let j(h) = -h**2 - h. Let q(p) = 3*j(p) - y(p). Determine q(k).
4
Let n(d) = 4*d**2 + 5*d**2 + 7*d**2 - 15*d**2. Let v(j) = 2*j**3 - 5*j**2 + 3*j + 3. Let k(h) = -4*n(h) - v(h). Calculate k(-2).
23
Let n(x) be the first derivative of -x**4/4 + 10*x**3/3 - x**2/2 + 10*x + 45. Determine n(10).
0
Let o be -10 + 1*-1 + 1. Suppose 0 = -0*m - 2*m + 8, -10 = j - 3*m. Let p(t) = 1 + t**2 + 10*t**2 - 13 - t**3 + 9*t + j*t**3. Calculate p(o).
-2
Suppose 11*d - 18*d = -1659. Let k = d - 242. Let m(u) = u**2 + 9*u + 7. Give m(k).
-13
Let f(r) = 4 - 7 + 2 + 2 - r**2 + r. Let j(m) = m**3 + 2*m**2 + 2*m + 3. Let z(i) = -f(i) + j(i). Suppose -5*n - 2*g - 3 = 8, -16 = 4*n - 2*g. Determine z(n).
-1
Let a be (-15)/(-3) + -154 + 148. Let b(o) = -70*o + 3. Let w(f) = 23*f - 1. Let m(i) = 3*b(i) + 8*w(i). What is m(a)?
27
Let k(g) = -34 + 5*g + 16 - 3*g + 30. What is k(-8)?
-4
Let w(o) = -o**2 + 9*o + 21. Let x = 1878 + -1882. Give w(x).
-31
Let z(g) = -3*g + 3. Let y(d) = 5*d - 2. Let t(o) = 2*y(o) + 2*z(o). What is t(-12)?
-46
Let x(u) be the third derivative of -u**5/60 + u**3/3 - 10*u**2. Let c = -53 - -53. Let v(i) = i**2 - 2*i. Let m be v(c). Calculate x(m).
2
Suppose -5*g = 2*z + 61, 20*z - 19*z = 2*g + 10. Let c(b) = -2*b - 25. Give c(g).
-7
Let j(b) be the second derivative of b**4/4 - b**3 + 13*b**2/2 - 334*b + 1. Calculate j(3).
22
Let p(z) = -7*z - 19 + 0 - z**2 - 10*z. Let h be ((-15)/((-630)/(-96)))/(((-323)/(-133))/17). Calculate p(h).
-3
Let j = -119 + 124. Let u(v) = -v - 6. Let k be u(-6). Suppose 4*f + 12 = -r - r, -j*r + 2*f - 18 = k. Let a(w) = -w**2 - 5*w - 6. Determine a(r).
-2
Let k(s) = s**2 - 7*s + 4. Let c be k(4). Let t(l) = 4*l**2 + l - 4. Let x(g) = 7*g**2 + 4*g - 8. Let z(i) = 5*t(i) - 3*x(i). Calculate z(c).
-4
Let d(s) = -s**2 - 7*s + 5. Suppose -3*r - 5*b - 181 = 0, 58 = 3*r - 3*b + 199. Let o = r - -45. Give d(o).
5
Let a(h) = -2*h**2 + 4*h - 1. Let i = 61 + -59. Let d be 3/(i - (-5 + 6)). What is a(d)?
-7
Let a(s) = 13*s**2 - 14731*s + 21 + s**3 - 34*s**2 + 14750*s. What is a(20)?
1
Let h(q) = -15*q + 81. Suppose 0 = 8*c - 13*c + 25. Let o be h(c). Let p(d) = 2*d + 5. What is p(o)?
17
Let k(a) = a**2 + 20*a + 1. Let h(m) = 3. Let s(j) = -2*h(j) + k(j). Calculate s(-18).
-41
Let g(z) = -10*z**2 - 22*z - 22. Let y(p) = 12*p**2 + 22*p + 30. Let f(b) = -7*g(b) - 6*y(b). Calculate f(10).
-6
Let b(r) = -8*r**2 + 36. Let v(q) = -34*q**2 + 142. Let m(n) = 9*b(n) - 2*v(n). Let h(l) be the first derivative of m(l). Calculate h(-2).
16
Let j = -9 - -20. Suppose 0 = 4*t - j*t - 77. Let h(x) = 31*x**3 + 3. Let l(z) = 155*z**3 + 16. Let s(w) = t*h(w) + 2*l(w). Determine s(-1).
30
Let t(x) be the second derivative of 1/12*x**4 + 6*x**2 + 11*x + 0 - 4/3*x**3. Let w be t(6). Let o(j) = j - 12. Give o(w).
-12
Let g(o) be the second derivative of o**5/24 - o**4/4 + 3*o**3 + 40*o + 1. Let b(h) be the second derivative of g(h). Give b(-5).
-31
Let k(i) = -i**3 - i**2. Let c be k(0). Suppose 10*n = 8*n + 4. Let u(h) = h**n + 3 + h + 4*h**2 - 4*h**2 + 0*h**2. What is u(c)?
3
Let a(k) = -2*k + 8. Let d be 6 + (3 - 6) - -84 - -3. Let t be ((-6)/(-9))/((-6)/d). Let q be t - (1/3 - (-117)/(-27)). Calculate a(q).
20
Let i(q) be the second derivative of 5*q**3/6 - 5*q**2/2 - 3*q. Suppose -4*o - 5*w = 27, 0 = -5*o - 0*o + 4*w - 3. Let g be 8 + 16/12*o. Determine i(g).
15
Let p(l) = -l**2 - 8*l + 3. Let d(k) = -8*k + 24. Let y be 1*3*1 - (-15 - -8). Suppose -3*g = z - 0*z - y, 2*g = 4. Let x be d(z). Calculate p(x).
3
Let s(g) = -g - 20. Suppose 0 = -23*r + 139*r - 1160. Determine s(r).
-30
Suppose -7*r = -3*r + 24. Let l(f) = 1586*f + 4. Let t(m) = -373*m - 1. Let w(i) = 4*l(i) + 17*t(i). Calculate w(r).
-19
Let g(l) = -32*l + 36. Let w be g(1). Let y(s) = -4*s**2 + 6*s - 4. Calculate y(w).
-44
Let q(a) = -50*a - 48. Let y be 1 - (315/(-30) - -10)/(2/(-8)). Give q(y).
2
Let h(n) = -3*n**3 + 3*n**2 - 9*n - 6. Let z(g) = 90*g - 71*g + 20 + 7*g**3 - 5*g**2 - 6. Let m(d) = -5*h(d) - 2*z(d). Determine m(5).
37
Let t(g) = -5*g**2 - 16*g - 17. Let d(v) = v**3 - 22*v**2 - 106*v + 51. Let i be d(26). Give t(i).
-6
Let x(r) = r + 6. Let w(f) be the second derivative of f**3/6 + 2*f**2 - 24*f. Let k be w(9). Suppose -k*l + 4*l - 36 = 0. Determine x(l).
2
Let q = -865199/120 - -7210. Let r(w) be the third derivative of -1/60*w**5 - 1/6*w**3 + 0*w + 0 - q*w**6 + 1/12*w**4 - 23*w**2. Give r(1).
-1
Let c(p) = 11*p**3 + 31*p**2 - 91*p - 4. Let r(v) = 7*v**3 + 20*v**2 - 60*v - 3. Let y(x) = 5*c(x) - 8*r(x). Calculate y(-8).
-4
Let s(j) = 3*j + 2 - 3 + 0*j. Let r be -2*2/16 + (-1033)/(-4). Suppose -267 = -9*c - r. Give s(c).
2
Let o(l) be the third derivative of l**5/60 - 11*l**4/24 - 5*l**3/3 - 1237*l**2. Give o(9).
-28
Let s be 6/12*0/(-1). Let x(